{"id":288,"date":"2025-10-14T12:27:34","date_gmt":"2025-10-14T10:27:34","guid":{"rendered":"https:\/\/sotravo.be\/?page_id=288"},"modified":"2026-04-07T13:22:07","modified_gmt":"2026-04-07T11:22:07","slug":"accueil","status":"publish","type":"page","link":"https:\/\/sotravo.be\/","title":{"rendered":"Accueil"},"content":{"rendered":"\t\t<div data-elementor-type=\"wp-page\" data-elementor-id=\"288\" class=\"elementor elementor-288\">\n\t\t\t\t<div class=\"elementor-element elementor-element-6964f28 e-flex e-con-boxed e-con e-parent\" data-id=\"6964f28\" data-element_type=\"container\" data-e-type=\"container\" data-settings=\"{&quot;background_background&quot;:&quot;classic&quot;}\">\n\t\t\t\t\t<div class=\"e-con-inner\">\n\t\t<div class=\"elementor-element elementor-element-96b37ee e-con-full e-flex e-con e-child\" data-id=\"96b37ee\" data-element_type=\"container\" data-e-type=\"container\">\n\t\t\t\t<div class=\"elementor-element elementor-element-b42616c elementor-widget elementor-widget-heading\" data-id=\"b42616c\" data-element_type=\"widget\" data-e-type=\"widget\" data-widget_type=\"heading.default\">\n\t\t\t\t\t<h2 class=\"elementor-heading-title elementor-size-default\">Fini le standard !<\/h2>\t\t\t\t<\/div>\n\t\t\t\t<div class=\"elementor-element elementor-element-36b22c4 elementor-widget elementor-widget-text-editor\" data-id=\"36b22c4\" data-element_type=\"widget\" data-e-type=\"widget\" data-widget_type=\"text-editor.default\">\n\t\t\t\t\t\t\t\t\t<p>Chez <strong>Sotravo<\/strong>, nous cr\u00e9ons des meubles uniques, durable et 100% adapt\u00e9s \u00e0 votre espace !<\/p><p>Minimaliste, industriel, contemporain ou brut ?<\/p><p>Chaque pi\u00e8ce est con\u00e7ue pour vous, et avec vous.<\/p>\t\t\t\t\t\t\t\t<\/div>\n\t\t<div class=\"elementor-element elementor-element-2206242 e-grid e-con-full e-con e-child\" data-id=\"2206242\" data-element_type=\"container\" data-e-type=\"container\">\n\t\t\t\t<div class=\"elementor-element elementor-element-65feee4 elementor-widget elementor-widget-text-editor\" data-id=\"65feee4\" data-element_type=\"widget\" data-e-type=\"widget\" data-widget_type=\"text-editor.default\">\n\t\t\t\t\t\t\t\t\t<p>Un projet ? <a href=\"mailto:info@sotravo.be\">info@sotravo.be<\/a><\/p>\t\t\t\t\t\t\t\t<\/div>\n\t\t\t\t<\/div>\n\t\t\t\t<\/div>\n\t\t<div class=\"elementor-element elementor-element-a5ba0ab e-con-full e-flex e-con e-child\" data-id=\"a5ba0ab\" data-element_type=\"container\" data-e-type=\"container\" data-settings=\"{&quot;background_background&quot;:&quot;classic&quot;}\">\n\t\t\t\t<div class=\"elementor-element elementor-element-46ba7d6 elementor-widget elementor-widget-image\" data-id=\"46ba7d6\" data-element_type=\"widget\" data-e-type=\"widget\" data-widget_type=\"image.default\">\n\t\t\t\t\t\t\t\t\t\t\t\t\t\t\t<img fetchpriority=\"high\" decoding=\"async\" width=\"1024\" height=\"994\" src=\"https:\/\/sotravo.be\/wp-content\/uploads\/2026\/02\/IMG_0676-1024x994.png\" class=\"attachment-large size-large wp-image-456\" alt=\"\" srcset=\"https:\/\/sotravo.be\/wp-content\/uploads\/2026\/02\/IMG_0676-1024x994.png 1024w, https:\/\/sotravo.be\/wp-content\/uploads\/2026\/02\/IMG_0676-300x291.png 300w, https:\/\/sotravo.be\/wp-content\/uploads\/2026\/02\/IMG_0676-768x745.png 768w, https:\/\/sotravo.be\/wp-content\/uploads\/2026\/02\/IMG_0676-1536x1490.png 1536w, https:\/\/sotravo.be\/wp-content\/uploads\/2026\/02\/IMG_0676-2048x1987.png 2048w, https:\/\/sotravo.be\/wp-content\/uploads\/2026\/02\/IMG_0676-600x582.png 600w\" sizes=\"(max-width: 1024px) 100vw, 1024px\" \/>\t\t\t\t\t\t\t\t\t\t\t\t\t\t\t<\/div>\n\t\t\t\t<\/div>\n\t\t\t\t\t<\/div>\n\t\t\t\t<\/div>\n\t\t<div class=\"elementor-element elementor-element-51faa52 e-flex e-con-boxed e-con e-parent\" data-id=\"51faa52\" data-element_type=\"container\" data-e-type=\"container\">\n\t\t\t\t\t<div class=\"e-con-inner\">\n\t\t\t\t<div class=\"elementor-element elementor-element-059f050 elementor-widget-divider--view-line_text elementor-widget-divider--element-align-left elementor-widget-divider--separator-type-pattern elementor-widget elementor-widget-divider\" data-id=\"059f050\" data-element_type=\"widget\" data-e-type=\"widget\" data-widget_type=\"divider.default\">\n\t\t\t\t\t\t\t<div class=\"elementor-divider\" style=\"--divider-pattern-url: url(&quot;data:image\/svg+xml,%3Csvg xmlns=&#039;http:\/\/www.w3.org\/2000\/svg&#039; preserveAspectRatio=&#039;none&#039; overflow=&#039;visible&#039; height=&#039;100%&#039; viewBox=&#039;0 0 20 16&#039; fill=&#039;none&#039; stroke=&#039;black&#039; stroke-width=&#039;1&#039; stroke-linecap=&#039;square&#039; stroke-miterlimit=&#039;10&#039;%3E%3Cg transform=&#039;translate(-12.000000, 0)&#039;%3E%3Cpath d=&#039;M28,0L10,18&#039;\/%3E%3Cpath d=&#039;M18,0L0,18&#039;\/%3E%3Cpath d=&#039;M48,0L30,18&#039;\/%3E%3Cpath d=&#039;M38,0L20,18&#039;\/%3E%3C\/g%3E%3C\/svg%3E&quot;);\">\n\t\t\t<span class=\"elementor-divider-separator\">\n\t\t\t\t\t\t\t<span class=\"elementor-divider__text elementor-divider__element\">\n\t\t\t\tNos <b>cr\u00e9ations<\/b>\t\t\t\t<\/span>\n\t\t\t\t\t\t<\/span>\n\t\t<\/div>\n\t\t\t\t\t\t<\/div>\n\t\t\t\t\t<\/div>\n\t\t\t\t<\/div>\n\t\t<div class=\"elementor-element elementor-element-4d6b378 e-con-full e-flex e-con e-parent\" data-id=\"4d6b378\" data-element_type=\"container\" data-e-type=\"container\">\n\t\t<div class=\"elementor-element elementor-element-ecde5a5 e-con-full e-flex e-con e-child\" data-id=\"ecde5a5\" data-element_type=\"container\" data-e-type=\"container\" data-settings=\"{&quot;background_background&quot;:&quot;classic&quot;}\">\n\t\t<div class=\"elementor-element elementor-element-246f4d8 e-grid e-con-full e-con e-child\" data-id=\"246f4d8\" data-element_type=\"container\" data-e-type=\"container\">\n\t\t\t\t<div class=\"elementor-element elementor-element-2178e63 elementor-widget elementor-widget-image\" data-id=\"2178e63\" data-element_type=\"widget\" data-e-type=\"widget\" data-widget_type=\"image.default\">\n\t\t\t\t\t\t\t\t\t\t\t\t\t\t\t<img decoding=\"async\" width=\"1024\" height=\"1024\" src=\"https:\/\/sotravo.be\/wp-content\/uploads\/2025\/11\/540046453_1448078342945723_6804558262925565437_n-1024x1024.png\" class=\"attachment-large size-large wp-image-427\" alt=\"\" srcset=\"https:\/\/sotravo.be\/wp-content\/uploads\/2025\/11\/540046453_1448078342945723_6804558262925565437_n-1024x1024.png 1024w, https:\/\/sotravo.be\/wp-content\/uploads\/2025\/11\/540046453_1448078342945723_6804558262925565437_n-300x300.png 300w, https:\/\/sotravo.be\/wp-content\/uploads\/2025\/11\/540046453_1448078342945723_6804558262925565437_n-150x150.png 150w, https:\/\/sotravo.be\/wp-content\/uploads\/2025\/11\/540046453_1448078342945723_6804558262925565437_n-768x768.png 768w, https:\/\/sotravo.be\/wp-content\/uploads\/2025\/11\/540046453_1448078342945723_6804558262925565437_n-1536x1536.png 1536w, https:\/\/sotravo.be\/wp-content\/uploads\/2025\/11\/540046453_1448078342945723_6804558262925565437_n-600x600.png 600w, https:\/\/sotravo.be\/wp-content\/uploads\/2025\/11\/540046453_1448078342945723_6804558262925565437_n-100x100.png 100w, https:\/\/sotravo.be\/wp-content\/uploads\/2025\/11\/540046453_1448078342945723_6804558262925565437_n.png 2000w\" sizes=\"(max-width: 1024px) 100vw, 1024px\" \/>\t\t\t\t\t\t\t\t\t\t\t\t\t\t\t<\/div>\n\t\t\t\t<div class=\"elementor-element elementor-element-c99583f elementor-widget elementor-widget-button\" data-id=\"c99583f\" data-element_type=\"widget\" data-e-type=\"widget\" data-widget_type=\"button.default\">\n\t\t\t\t\t\t\t\t\t\t<a class=\"elementor-button elementor-button-link elementor-size-sm\" href=\"https:\/\/sotravo.be\/index.php\/categorie-produit\/tables\/\">\n\t\t\t\t\t\t<span class=\"elementor-button-content-wrapper\">\n\t\t\t\t\t\t<span class=\"elementor-button-icon\">\n\t\t\t\t<svg aria-hidden=\"true\" class=\"e-font-icon-svg e-far-arrow-alt-circle-right\" viewBox=\"0 0 512 512\" xmlns=\"http:\/\/www.w3.org\/2000\/svg\"><path d=\"M504 256C504 119 393 8 256 8S8 119 8 256s111 248 248 248 248-111 248-248zm-448 0c0-110.5 89.5-200 200-200s200 89.5 200 200-89.5 200-200 200S56 366.5 56 256zm72 20v-40c0-6.6 5.4-12 12-12h116v-67c0-10.7 12.9-16 20.5-8.5l99 99c4.7 4.7 4.7 12.3 0 17l-99 99c-7.6 7.6-20.5 2.2-20.5-8.5v-67H140c-6.6 0-12-5.4-12-12z\"><\/path><\/svg>\t\t\t<\/span>\n\t\t\t\t\t\t\t\t\t<span class=\"elementor-button-text\">Tables<\/span>\n\t\t\t\t\t<\/span>\n\t\t\t\t\t<\/a>\n\t\t\t\t\t\t\t\t<\/div>\n\t\t\t\t<\/div>\n\t\t\t\t<\/div>\n\t\t<div class=\"elementor-element elementor-element-d9abe6f e-con-full e-flex e-con e-child\" data-id=\"d9abe6f\" data-element_type=\"container\" data-e-type=\"container\" data-settings=\"{&quot;background_background&quot;:&quot;classic&quot;}\">\n\t\t<div class=\"elementor-element elementor-element-a310d80 e-grid e-con-full e-con e-child\" data-id=\"a310d80\" data-element_type=\"container\" data-e-type=\"container\">\n\t\t\t\t<div class=\"elementor-element elementor-element-8ab85b8 elementor-widget elementor-widget-image\" data-id=\"8ab85b8\" data-element_type=\"widget\" data-e-type=\"widget\" data-widget_type=\"image.default\">\n\t\t\t\t\t\t\t\t\t\t\t\t\t\t\t<img decoding=\"async\" width=\"1024\" height=\"1024\" src=\"https:\/\/sotravo.be\/wp-content\/uploads\/2026\/02\/Logo1-2-1024x1024.png\" class=\"attachment-large size-large wp-image-463\" alt=\"\" srcset=\"https:\/\/sotravo.be\/wp-content\/uploads\/2026\/02\/Logo1-2-1024x1024.png 1024w, https:\/\/sotravo.be\/wp-content\/uploads\/2026\/02\/Logo1-2-300x300.png 300w, https:\/\/sotravo.be\/wp-content\/uploads\/2026\/02\/Logo1-2-150x150.png 150w, https:\/\/sotravo.be\/wp-content\/uploads\/2026\/02\/Logo1-2-768x768.png 768w, https:\/\/sotravo.be\/wp-content\/uploads\/2026\/02\/Logo1-2-600x600.png 600w, https:\/\/sotravo.be\/wp-content\/uploads\/2026\/02\/Logo1-2-100x100.png 100w, https:\/\/sotravo.be\/wp-content\/uploads\/2026\/02\/Logo1-2.png 1512w\" sizes=\"(max-width: 1024px) 100vw, 1024px\" \/>\t\t\t\t\t\t\t\t\t\t\t\t\t\t\t<\/div>\n\t\t\t\t<div class=\"elementor-element elementor-element-52f5b0f elementor-widget elementor-widget-button\" data-id=\"52f5b0f\" data-element_type=\"widget\" data-e-type=\"widget\" data-widget_type=\"button.default\">\n\t\t\t\t\t\t\t\t\t\t<a class=\"elementor-button elementor-button-link elementor-size-sm\" href=\"https:\/\/sotravo.be\/index.php\/categorie-produit\/chambres\/dressings\/\">\n\t\t\t\t\t\t<span class=\"elementor-button-content-wrapper\">\n\t\t\t\t\t\t<span class=\"elementor-button-icon\">\n\t\t\t\t<svg aria-hidden=\"true\" class=\"e-font-icon-svg e-far-arrow-alt-circle-right\" viewBox=\"0 0 512 512\" xmlns=\"http:\/\/www.w3.org\/2000\/svg\"><path d=\"M504 256C504 119 393 8 256 8S8 119 8 256s111 248 248 248 248-111 248-248zm-448 0c0-110.5 89.5-200 200-200s200 89.5 200 200-89.5 200-200 200S56 366.5 56 256zm72 20v-40c0-6.6 5.4-12 12-12h116v-67c0-10.7 12.9-16 20.5-8.5l99 99c4.7 4.7 4.7 12.3 0 17l-99 99c-7.6 7.6-20.5 2.2-20.5-8.5v-67H140c-6.6 0-12-5.4-12-12z\"><\/path><\/svg>\t\t\t<\/span>\n\t\t\t\t\t\t\t\t\t<span class=\"elementor-button-text\">Dressing<\/span>\n\t\t\t\t\t<\/span>\n\t\t\t\t\t<\/a>\n\t\t\t\t\t\t\t\t<\/div>\n\t\t\t\t<\/div>\n\t\t\t\t<\/div>\n\t\t<div class=\"elementor-element elementor-element-9fa16f5 e-con-full e-flex e-con e-child\" data-id=\"9fa16f5\" data-element_type=\"container\" data-e-type=\"container\" data-settings=\"{&quot;background_background&quot;:&quot;classic&quot;}\">\n\t\t<div class=\"elementor-element elementor-element-7d811aa e-grid e-con-full e-con e-child\" data-id=\"7d811aa\" data-element_type=\"container\" data-e-type=\"container\">\n\t\t\t\t<div class=\"elementor-element elementor-element-f430018 elementor-widget elementor-widget-image\" data-id=\"f430018\" data-element_type=\"widget\" data-e-type=\"widget\" data-widget_type=\"image.default\">\n\t\t\t\t\t\t\t\t\t\t\t\t\t\t\t<img loading=\"lazy\" decoding=\"async\" width=\"1024\" height=\"1024\" src=\"https:\/\/sotravo.be\/wp-content\/uploads\/2026\/02\/IMG_7545-1024x1024.png\" class=\"attachment-large size-large wp-image-464\" alt=\"\" srcset=\"https:\/\/sotravo.be\/wp-content\/uploads\/2026\/02\/IMG_7545-1024x1024.png 1024w, https:\/\/sotravo.be\/wp-content\/uploads\/2026\/02\/IMG_7545-300x300.png 300w, https:\/\/sotravo.be\/wp-content\/uploads\/2026\/02\/IMG_7545-150x150.png 150w, https:\/\/sotravo.be\/wp-content\/uploads\/2026\/02\/IMG_7545-768x768.png 768w, https:\/\/sotravo.be\/wp-content\/uploads\/2026\/02\/IMG_7545-600x600.png 600w, https:\/\/sotravo.be\/wp-content\/uploads\/2026\/02\/IMG_7545-100x100.png 100w, https:\/\/sotravo.be\/wp-content\/uploads\/2026\/02\/IMG_7545.png 1512w\" sizes=\"(max-width: 1024px) 100vw, 1024px\" \/>\t\t\t\t\t\t\t\t\t\t\t\t\t\t\t<\/div>\n\t\t\t\t<div class=\"elementor-element elementor-element-1250573 elementor-widget elementor-widget-button\" data-id=\"1250573\" data-element_type=\"widget\" data-e-type=\"widget\" data-widget_type=\"button.default\">\n\t\t\t\t\t\t\t\t\t\t<a class=\"elementor-button elementor-button-link elementor-size-sm\" href=\"https:\/\/sotravo.be\/index.php\/categorie-produit\/salon\/meubles-tv\/\">\n\t\t\t\t\t\t<span class=\"elementor-button-content-wrapper\">\n\t\t\t\t\t\t<span class=\"elementor-button-icon\">\n\t\t\t\t<svg aria-hidden=\"true\" class=\"e-font-icon-svg e-far-arrow-alt-circle-right\" viewBox=\"0 0 512 512\" xmlns=\"http:\/\/www.w3.org\/2000\/svg\"><path d=\"M504 256C504 119 393 8 256 8S8 119 8 256s111 248 248 248 248-111 248-248zm-448 0c0-110.5 89.5-200 200-200s200 89.5 200 200-89.5 200-200 200S56 366.5 56 256zm72 20v-40c0-6.6 5.4-12 12-12h116v-67c0-10.7 12.9-16 20.5-8.5l99 99c4.7 4.7 4.7 12.3 0 17l-99 99c-7.6 7.6-20.5 2.2-20.5-8.5v-67H140c-6.6 0-12-5.4-12-12z\"><\/path><\/svg>\t\t\t<\/span>\n\t\t\t\t\t\t\t\t\t<span class=\"elementor-button-text\">Meuble TV<\/span>\n\t\t\t\t\t<\/span>\n\t\t\t\t\t<\/a>\n\t\t\t\t\t\t\t\t<\/div>\n\t\t\t\t<\/div>\n\t\t\t\t<\/div>\n\t\t<div class=\"elementor-element elementor-element-48b1341 e-con-full e-flex e-con e-child\" data-id=\"48b1341\" data-element_type=\"container\" data-e-type=\"container\" data-settings=\"{&quot;background_background&quot;:&quot;classic&quot;}\">\n\t\t<div class=\"elementor-element elementor-element-b2ddec8 e-grid e-con-full e-con e-child\" data-id=\"b2ddec8\" data-element_type=\"container\" data-e-type=\"container\">\n\t\t\t\t<div class=\"elementor-element elementor-element-76ac230 elementor-widget elementor-widget-image\" data-id=\"76ac230\" data-element_type=\"widget\" data-e-type=\"widget\" data-widget_type=\"image.default\">\n\t\t\t\t\t\t\t\t\t\t\t\t\t\t\t<img loading=\"lazy\" decoding=\"async\" width=\"1024\" height=\"1024\" src=\"https:\/\/sotravo.be\/wp-content\/uploads\/2026\/02\/IMG_468969984-1024x1024.png\" class=\"attachment-large size-large wp-image-465\" alt=\"\" srcset=\"https:\/\/sotravo.be\/wp-content\/uploads\/2026\/02\/IMG_468969984-1024x1024.png 1024w, https:\/\/sotravo.be\/wp-content\/uploads\/2026\/02\/IMG_468969984-300x300.png 300w, https:\/\/sotravo.be\/wp-content\/uploads\/2026\/02\/IMG_468969984-150x150.png 150w, https:\/\/sotravo.be\/wp-content\/uploads\/2026\/02\/IMG_468969984-768x768.png 768w, https:\/\/sotravo.be\/wp-content\/uploads\/2026\/02\/IMG_468969984-600x600.png 600w, https:\/\/sotravo.be\/wp-content\/uploads\/2026\/02\/IMG_468969984-100x100.png 100w, https:\/\/sotravo.be\/wp-content\/uploads\/2026\/02\/IMG_468969984.png 1512w\" sizes=\"(max-width: 1024px) 100vw, 1024px\" \/>\t\t\t\t\t\t\t\t\t\t\t\t\t\t\t<\/div>\n\t\t\t\t<div class=\"elementor-element elementor-element-5d78993 elementor-widget elementor-widget-button\" data-id=\"5d78993\" data-element_type=\"widget\" data-e-type=\"widget\" data-widget_type=\"button.default\">\n\t\t\t\t\t\t\t\t\t\t<a class=\"elementor-button elementor-button-link elementor-size-sm\" href=\"https:\/\/sotravo.be\/index.php\/categorie-produit\/salon\/salle-a-manger\/\">\n\t\t\t\t\t\t<span class=\"elementor-button-content-wrapper\">\n\t\t\t\t\t\t<span class=\"elementor-button-icon\">\n\t\t\t\t<svg aria-hidden=\"true\" class=\"e-font-icon-svg e-far-arrow-alt-circle-right\" viewBox=\"0 0 512 512\" xmlns=\"http:\/\/www.w3.org\/2000\/svg\"><path d=\"M504 256C504 119 393 8 256 8S8 119 8 256s111 248 248 248 248-111 248-248zm-448 0c0-110.5 89.5-200 200-200s200 89.5 200 200-89.5 200-200 200S56 366.5 56 256zm72 20v-40c0-6.6 5.4-12 12-12h116v-67c0-10.7 12.9-16 20.5-8.5l99 99c4.7 4.7 4.7 12.3 0 17l-99 99c-7.6 7.6-20.5 2.2-20.5-8.5v-67H140c-6.6 0-12-5.4-12-12z\"><\/path><\/svg>\t\t\t<\/span>\n\t\t\t\t\t\t\t\t\t<span class=\"elementor-button-text\">Salle \u00e0 Manger<\/span>\n\t\t\t\t\t<\/span>\n\t\t\t\t\t<\/a>\n\t\t\t\t\t\t\t\t<\/div>\n\t\t\t\t<\/div>\n\t\t\t\t<\/div>\n\t\t\t\t<\/div>\n\t\t<div class=\"elementor-element elementor-element-10b4955 e-grid e-con-boxed e-con e-parent\" data-id=\"10b4955\" data-element_type=\"container\" data-e-type=\"container\">\n\t\t\t\t\t<div class=\"e-con-inner\">\n\t\t<div class=\"elementor-element elementor-element-9dbe1af e-con-full e-flex e-con e-child\" data-id=\"9dbe1af\" data-element_type=\"container\" data-e-type=\"container\">\n\t\t\t\t<div class=\"elementor-element elementor-element-3cec8ab elementor-widget-divider--view-line_text elementor-widget-divider--element-align-left elementor-widget-divider--separator-type-pattern elementor-widget elementor-widget-divider\" data-id=\"3cec8ab\" data-element_type=\"widget\" data-e-type=\"widget\" data-widget_type=\"divider.default\">\n\t\t\t\t\t\t\t<div class=\"elementor-divider\" style=\"--divider-pattern-url: url(&quot;data:image\/svg+xml,%3Csvg xmlns=&#039;http:\/\/www.w3.org\/2000\/svg&#039; preserveAspectRatio=&#039;none&#039; overflow=&#039;visible&#039; height=&#039;100%&#039; viewBox=&#039;0 0 20 16&#039; fill=&#039;none&#039; stroke=&#039;black&#039; stroke-width=&#039;1&#039; stroke-linecap=&#039;square&#039; stroke-miterlimit=&#039;10&#039;%3E%3Cg transform=&#039;translate(-12.000000, 0)&#039;%3E%3Cpath d=&#039;M28,0L10,18&#039;\/%3E%3Cpath d=&#039;M18,0L0,18&#039;\/%3E%3Cpath d=&#039;M48,0L30,18&#039;\/%3E%3Cpath d=&#039;M38,0L20,18&#039;\/%3E%3C\/g%3E%3C\/svg%3E&quot;);\">\n\t\t\t<span class=\"elementor-divider-separator\">\n\t\t\t\t\t\t\t<span class=\"elementor-divider__text elementor-divider__element\">\n\t\t\t\tNous <b>contacter<\/b>\t\t\t\t<\/span>\n\t\t\t\t\t\t<\/span>\n\t\t<\/div>\n\t\t\t\t\t\t<\/div>\n\t\t\t\t<\/div>\n\t\t\t\t\t<\/div>\n\t\t\t\t<\/div>\n\t\t<div class=\"elementor-element elementor-element-4d86f92 e-grid e-con-boxed e-con e-parent\" data-id=\"4d86f92\" data-element_type=\"container\" data-e-type=\"container\">\n\t\t\t\t\t<div class=\"e-con-inner\">\n\t\t\t\t<div class=\"elementor-element elementor-element-2fb454c elementor-widget elementor-widget-text-editor\" data-id=\"2fb454c\" data-element_type=\"widget\" data-e-type=\"widget\" data-widget_type=\"text-editor.default\">\n\t\t\t\t\t\t\t\t\t<p>\u201c<em>Donnez vie \u00e0 vos id\u00e9es en bois sur mesure<\/em>\u201d<\/p><p>Chaque meuble pr\u00e9sent\u00e9 sur ce site n\u2019est qu\u2019un exemple de ce qui est possible. Artisan menuisier bas\u00e9 en r\u00e9gion li\u00e9geoise, je cr\u00e9e des pi\u00e8ces uniques, dans les essences de bois les plus nobles, et de tout style : classique, contemporain ou original.<\/p><p>Je me d\u00e9place pour comprendre vos besoins et suivre votre projet du d\u00e9but \u00e0 la fin, afin de garantir la meilleure satisfaction. Votre imagination est la seule limite !<\/p><p><a href=\"https:\/\/sotravo.be\/index.php\/contact\/\"><strong>Contactez-moi<\/strong><\/a> directement pour partager vos id\u00e9es et transformer vos r\u00eaves en cr\u00e9ations concr\u00e8tes et durables.<\/p>\t\t\t\t\t\t\t\t<\/div>\n\t\t\t\t<div class=\"elementor-element elementor-element-58987c6 elementor-widget elementor-widget-google_maps\" data-id=\"58987c6\" data-element_type=\"widget\" data-e-type=\"widget\" data-widget_type=\"google_maps.default\">\n\t\t\t\t\t\t\t<div class=\"elementor-custom-embed\">\n\t\t\t<iframe loading=\"lazy\"\n\t\t\t\t\tsrc=\"https:\/\/maps.google.com\/maps?q=4630%20Micheroux%20%28Soumagne%29%20Rue%20Paul%20d%27Andrimont%20166&#038;t=m&#038;z=11&#038;output=embed&#038;iwloc=near\"\n\t\t\t\t\ttitle=\"4630 Micheroux (Soumagne) Rue Paul d&#039;Andrimont 166\"\n\t\t\t\t\taria-label=\"4630 Micheroux (Soumagne) Rue Paul d&#039;Andrimont 166\"\n\t\t\t><\/iframe>\n\t\t<\/div>\n\t\t\t\t\t\t<\/div>\n\t\t\t\t\t<\/div>\n\t\t\t\t<\/div>\n\t\t<div class=\"elementor-element elementor-element-fa4dfd9 e-flex e-con-boxed e-con e-parent\" data-id=\"fa4dfd9\" data-element_type=\"container\" data-e-type=\"container\">\n\t\t\t\t\t<div class=\"e-con-inner\">\n\t\t<div class=\"elementor-element elementor-element-7c9f231 e-con-full e-flex e-con e-child\" data-id=\"7c9f231\" data-element_type=\"container\" data-e-type=\"container\">\n\t\t\t\t<div class=\"elementor-element elementor-element-380f3d7 elementor-position-inline-start elementor-view-default elementor-mobile-position-block-start elementor-widget elementor-widget-icon-box\" data-id=\"380f3d7\" data-element_type=\"widget\" data-e-type=\"widget\" data-widget_type=\"icon-box.default\">\n\t\t\t\t\t\t\t<div class=\"elementor-icon-box-wrapper\">\n\n\t\t\t\t\t\t<div class=\"elementor-icon-box-icon\">\n\t\t\t\t<span  class=\"elementor-icon\">\n\t\t\t\t<svg aria-hidden=\"true\" class=\"e-font-icon-svg e-fas-phone\" viewBox=\"0 0 512 512\" xmlns=\"http:\/\/www.w3.org\/2000\/svg\"><path d=\"M493.4 24.6l-104-24c-11.3-2.6-22.9 3.3-27.5 13.9l-48 112c-4.2 9.8-1.4 21.3 6.9 28l60.6 49.6c-36 76.7-98.9 140.5-177.2 177.2l-49.6-60.6c-6.8-8.3-18.2-11.1-28-6.9l-112 48C3.9 366.5-2 378.1.6 389.4l24 104C27.1 504.2 36.7 512 48 512c256.1 0 464-207.5 464-464 0-11.2-7.7-20.9-18.6-23.4z\"><\/path><\/svg>\t\t\t\t<\/span>\n\t\t\t<\/div>\n\t\t\t\n\t\t\t\t\t\t<div class=\"elementor-icon-box-content\">\n\n\t\t\t\t\n\t\t\t\t\t\t\t\t\t<p class=\"elementor-icon-box-description\">\n\t\t\t\t\t\t0477\/89 72 73 \ninfo@sotravo.be\t\t\t\t\t<\/p>\n\t\t\t\t\n\t\t\t<\/div>\n\t\t\t\n\t\t<\/div>\n\t\t\t\t\t\t<\/div>\n\t\t\t\t<\/div>\n\t\t<div class=\"elementor-element elementor-element-faba0ef e-con-full e-flex e-con e-child\" data-id=\"faba0ef\" data-element_type=\"container\" data-e-type=\"container\">\n\t\t\t\t<\/div>\n\t\t<div class=\"elementor-element elementor-element-c2897c8 e-con-full e-flex e-con e-child\" data-id=\"c2897c8\" data-element_type=\"container\" data-e-type=\"container\">\n\t\t\t\t<\/div>\n\t\t<div class=\"elementor-element elementor-element-6afa96a e-con-full e-flex e-con e-child\" data-id=\"6afa96a\" data-element_type=\"container\" data-e-type=\"container\">\n\t\t\t\t<\/div>\n\t\t\t\t\t<\/div>\n\t\t\t\t<\/div>\n\t\t<div class=\"elementor-element elementor-element-b8753e4 e-flex e-con-boxed e-con e-parent\" data-id=\"b8753e4\" data-element_type=\"container\" data-e-type=\"container\">\n\t\t\t\t\t<div class=\"e-con-inner\">\n\t\t\t\t<div class=\"elementor-element elementor-element-a188ac2 elementor-shape-rounded elementor-grid-0 e-grid-align-center elementor-widget elementor-widget-social-icons\" data-id=\"a188ac2\" data-element_type=\"widget\" data-e-type=\"widget\" data-widget_type=\"social-icons.default\">\n\t\t\t\t\t\t\t<div class=\"elementor-social-icons-wrapper elementor-grid\">\n\t\t\t\t\t\t\t<span class=\"elementor-grid-item\">\n\t\t\t\t\t<a class=\"elementor-icon elementor-social-icon elementor-social-icon-facebook elementor-repeater-item-c30b33b\" href=\"https:\/\/www.facebook.com\/sotravo.be?locale=fr_FR\" target=\"_blank\">\n\t\t\t\t\t\t<span class=\"elementor-screen-only\">Facebook<\/span>\n\t\t\t\t\t\t<svg aria-hidden=\"true\" class=\"e-font-icon-svg e-fab-facebook\" viewBox=\"0 0 512 512\" xmlns=\"http:\/\/www.w3.org\/2000\/svg\"><path d=\"M504 256C504 119 393 8 256 8S8 119 8 256c0 123.78 90.69 226.38 209.25 245V327.69h-63V256h63v-54.64c0-62.15 37-96.48 93.67-96.48 27.14 0 55.52 4.84 55.52 4.84v61h-31.28c-30.8 0-40.41 19.12-40.41 38.73V256h68.78l-11 71.69h-57.78V501C413.31 482.38 504 379.78 504 256z\"><\/path><\/svg>\t\t\t\t\t<\/a>\n\t\t\t\t<\/span>\n\t\t\t\t\t<\/div>\n\t\t\t\t\t\t<\/div>\n\t\t\t\t\t<\/div>\n\t\t\t\t<\/div>\n\t\t\t\t<\/div>\n\t\t","protected":false},"excerpt":{"rendered":"<p>Fini le standard ! Chez Sotravo, nous cr\u00e9ons des meubles uniques, durable et 100% adapt\u00e9s \u00e0 votre espace ! Minimaliste,&hellip;<\/p>\n","protected":false},"author":1,"featured_media":0,"parent":0,"menu_order":0,"comment_status":"closed","ping_status":"closed","template":"elementor_header_footer","meta":{"footnotes":""},"class_list":["post-288","page","type-page","status-publish","hentry"],"_links":{"self":[{"href":"https:\/\/sotravo.be\/index.php\/wp-json\/wp\/v2\/pages\/288","targetHints":{"allow":["GET"]}}],"collection":[{"href":"https:\/\/sotravo.be\/index.php\/wp-json\/wp\/v2\/pages"}],"about":[{"href":"https:\/\/sotravo.be\/index.php\/wp-json\/wp\/v2\/types\/page"}],"author":[{"embeddable":true,"href":"https:\/\/sotravo.be\/index.php\/wp-json\/wp\/v2\/users\/1"}],"replies":[{"embeddable":true,"href":"https:\/\/sotravo.be\/index.php\/wp-json\/wp\/v2\/comments?post=288"}],"version-history":[{"count":73,"href":"https:\/\/sotravo.be\/index.php\/wp-json\/wp\/v2\/pages\/288\/revisions"}],"predecessor-version":[{"id":472,"href":"https:\/\/sotravo.be\/index.php\/wp-json\/wp\/v2\/pages\/288\/revisions\/472"}],"wp:attachment":[{"href":"https:\/\/sotravo.be\/index.php\/wp-json\/wp\/v2\/media?parent=288"}],"curies":[{"name":"wp","href":"https:\/\/api.w.org\/{rel}","templated":true}]}}